{"id":75,"date":"2023-08-10T18:47:54","date_gmt":"2023-08-10T16:47:54","guid":{"rendered":"https:\/\/schreib-hilfe.de\/?page_id=75"},"modified":"2023-08-11T16:57:48","modified_gmt":"2023-08-11T14:57:48","slug":"gaeste","status":"publish","type":"page","link":"https:\/\/schreib-hilfe.de\/?page_id=75","title":{"rendered":"G\u00e4ste"},"content":{"rendered":"\n<p>Hier k\u00f6nnen ausgew\u00e4hlte G\u00e4ste eigene Beitr\u00e4ge erstellen. Wenden Sie sich diesbez\u00fcglich an den Administrator bzw. Betreiber der Seite.<\/p>\n\n\n\n<p><a href=\"https:\/\/www.weimar-mazur.de\/kontakt.php\">https:\/\/www.weimar-mazur.de\/kontakt.php<\/a><\/p>\n","protected":false},"excerpt":{"rendered":"<p>Hier k\u00f6nnen ausgew\u00e4hlte G\u00e4ste eigene Beitr\u00e4ge erstellen. Wenden Sie sich diesbez\u00fcglich an den Administrator bzw. Betreiber der Seite. https:\/\/www.weimar-mazur.de\/kontakt.php<\/p>\n","protected":false},"author":1,"featured_media":113,"parent":0,"menu_order":0,"comment_status":"closed","ping_status":"closed","template":"","meta":{"footnotes":""},"_links":{"self":[{"href":"https:\/\/schreib-hilfe.de\/index.php?rest_route=\/wp\/v2\/pages\/75"}],"collection":[{"href":"https:\/\/schreib-hilfe.de\/index.php?rest_route=\/wp\/v2\/pages"}],"about":[{"href":"https:\/\/schreib-hilfe.de\/index.php?rest_route=\/wp\/v2\/types\/page"}],"author":[{"embeddable":true,"href":"https:\/\/schreib-hilfe.de\/index.php?rest_route=\/wp\/v2\/users\/1"}],"replies":[{"embeddable":true,"href":"https:\/\/schreib-hilfe.de\/index.php?rest_route=%2Fwp%2Fv2%2Fcomments&post=75"}],"version-history":[{"count":3,"href":"https:\/\/schreib-hilfe.de\/index.php?rest_route=\/wp\/v2\/pages\/75\/revisions"}],"predecessor-version":[{"id":114,"href":"https:\/\/schreib-hilfe.de\/index.php?rest_route=\/wp\/v2\/pages\/75\/revisions\/114"}],"wp:featuredmedia":[{"embeddable":true,"href":"https:\/\/schreib-hilfe.de\/index.php?rest_route=\/wp\/v2\/media\/113"}],"wp:attachment":[{"href":"https:\/\/schreib-hilfe.de\/index.php?rest_route=%2Fwp%2Fv2%2Fmedia&parent=75"}],"curies":[{"name":"wp","href":"https:\/\/api.w.org\/{rel}","templated":true}]}}